t is -c5 (base 14) in base 5?
-1143
6 (base 8) to base 7
6
Convert -15 (base 11) to base 3.
-121
Convert -1 (base 11) to base 16.
-1
What is 410 (base 5) in base 15?
70
9 (base 13) to base 10
9
-7 (base 12) to base 5
-12
Convert 100 (base 5) to base 4.
121
Convert -112 (base 3) to base 16.
-e
Convert 3 (base 16) to base 4.
3
Convert -3 (base 11) to base 9.
-3
Convert -113 (base 8) to base 10.
-75
-b (base 16) to base 2
-1011
-174 (base 10) to base 9
-213
Convert 6 (base 11) to base 4.
12
What is 121 (base 3) in base 4?
100
What is 1 (base 5) in base 10?
1
What is 34 (base 10) in base 6?
54
173 (base 9) to base 4
2103
Convert -28 (base 11) to base 15.
-20
Convert -14 (base 5) to base 16.
-9
What is -151 (base 7) in base 6?
-221
What is 100 (base 10) in base 16?
64
What is 9 (base 14) in base 2?
1001
What is 5 (base 10) in base 9?
5
What is 4 (base 15) in base 14?
4
What is -3 (base 5) in base 15?
-3
Convert 2 (base 16) to base 14.
2
Convert 9 (base 11) to base 16.
9
What is 2220 (base 3) in base 14?
58
What is 3 (base 15) in base 3?
10
11 (base 6) to base 3
21
What is 2f (base 16) in base 6?
115
Convert -8a (base 12) to base 15.
-71
What is 5 (base 16) in base 8?
5
-21 (base 7) to base 2
-1111
1 (base 14) to base 6
1
What is 1011 (base 2) in base 12?
b
Convert -6 (base 14) to base 3.
-20
-9 (base 14) to base 9
-10
Convert -30 (base 10) to base 9.
-33
Convert -e (base 16) to base 2.
-1110
What is -8 (base 12) in base 15?
-8
What is -23 (base 13) in base 3?
-1002
Convert -6 (base 16) to base 14.
-6
Convert -1135 (base 6) to base 2.
-100010011
Convert -114 (base 6) to base 5.
-141
What is 1233 (base 5) in base 11?
166
What is 2122 (base 3) in base 15?
4b
10 (base 6) to base 13
6
What is -4 (base 6) in base 9?
-4
Convert 0 (base 9) to base 4.
0
What is 1 (base 12) in base 10?
1
-3 (base 7) to base 8
-3
Convert 4 (base 7) to base 12.
4
Convert 9 (base 10) to base 15.
9
Convert -78 (base 10) to base 15.
-53
Convert -2 (base 13) to base 4.
-2
Convert -2 (base 11) to base 14.
-2
Convert 14 (base 9) to base 12.
11
What is -2010 (base 3) in base 14?
-41
355 (base 6) to base 2
10001111
-23 (base 6) to base 3
-120
What is 3 (base 6) in base 13?
3
Convert 41 (base 6) to base 16.
19
Convert 2 (base 3) to base 11.
2
-47 (base 12) to base 13
-43
What is -42 (base 10) in base 3?
-1120
Convert 10 (base 13) to base 9.
14
What is 12 (base 5) in base 7?
10
What is 0 (base 14) in base 13?
0
Convert -4 (base 7) to base 6.
-4
Convert -22 (base 5) to base 6.
-20
Convert -121 (base 3) to base 2.
-10000
What is -22 (base 3) in base 5?
-13
Convert a9 (base 11) to base 9.
142
Convert -14 (base 5) to base 2.
-1001
c (base 14) to base 10
12
What is 201 (base 3) in base 13?
16
What is -12 (base 10) in base 4?
-30
What is -10011 (base 2) in base 5?
-34
What is 3 (base 16) in base 13?
3
What is 9 (base 10) in base 7?
12
Convert 0 (base 14) to base 3.
0
What is -4 (base 9) in base 12?
-4
-100 (base 5) to base 4
-121
What is -122 (base 4) in base 6?
-42
-352 (base 6) to base 10
-140
Convert -12 (base 14) to base 12.
-14
What is 1a (base 14) in base 9?
26
What is -225 (base 6) in base 9?
-108
What is 44 (base 7) in base 16?
20
What is -2 (base 11) in base 14?
-2
0 (base 9) to base 12
0
What is -b (base 13) in base 5?
-21
24 (base 13) to base 5
110
29 (base 16) to base 6
105
What is -102 (base 3) in base 6?
-15
What is -213 (base 4) in base 8?
-47
10202 (base 3) to base 6
245
What is -44 (base 8) in base 15?
-26
Convert 20 (base 10) to base 9.
22
What is 4 (base 16) in base 7?
4
What is -1f (base 16) in base 10?
-31
Convert -1050 (base 6) to base 9.
-303
What is -7 (base 14) in base 5?
-12
-1 (base 12) to base 14
-1
-77 (base 10) to base 5
-302
322 (base 5) to base 16
57
8a (base 11) to base 10
98
-25 (base 15) to base 10
-35
Convert -153 (base 10) to base 15.
-a3
144 (base 5) to base 16
31
What is -20 (base 15) in base 14?
-22
Convert -44 (base 16) to base 7.
-125
What is -1d (base 16) in base 13?
-23
Convert -122 (base 6) to base 3.
-1212
What is 3 (base 9) in base 12?
3
6 (base 14) to base 16
6
What is 22 (base 13) in base 4?
130
What is -10 (base 6) in base 14?
-6
221 (base 3) to base 12
21
1221 (base 4) to base 6
253
4 (base 12) to base 10
4
Convert -2 (base 5) to base 7.
-2
Convert 12 (base 6) to base 15.
8
Convert 30 (base 4) to base 13.
c
Convert 4 (base 8) to base 13.
4
3 (base 5) to base 14
3
8 (base 15) to base 16
8
-87 (base 12) to base 8
-147
Convert -1 (base 5) to base 13.
-1
340 (base 6) to base 7
246
What is 0 (base 9) in base 3?
0
Convert 19a (base 12) to base 9.
321
Convert 4 (base 9) to base 3.
11
What is 0 (base 10) in base 15?
0
-1 (base 13) to base 5
-1
What is -100001 (base 2) in base 3?
-1020
-72 (base 14) to base 13
-79
-5 (base 8) to base 5
-10
-124 (base 6) to base 4
-310
Convert 8 (base 15) to base 7.
11
232 (base 10) to base 12
174
What is 11 (base 2) in base 11?
3
-6 (base 16) to base 8
-6
Convert 16 (base 16) to base 13.
19
What is 32 (base 6) in base 7?
26
Convert 8c (base 15) to base 3.
11220
Convert 9 (base 15) to base 11.
9
83 (base 9) to base 16
4b
Convert 3 (base 16) to base 14.
3
22 (base 10) to base 7
31
Convert 17 (base 8) to base 6.
23
Convert 32 (base 6) to base 4.
110
-151 (base 8) to base 4
-1221
What is -11011 (base 3) in base 4?
-1300
Convert -2 (base 5) to base 10.
-2
Convert -1 (base 15) to base 12.
-1
What is 144 (base 7) in base 16?
51
What is -11 (base 11) in base 3?
-110
What is 9 (base 16) in base 7?
12
What is 52 (base 9) in base 11?
43
Convert 1b (base 16) to base 8.
33
What is -7 (base 16) in base 10?
-7
What is 3 (base 4) in base 9?
3
-56 (base 12) to base 9
-73
What is -32 (base 4) in base 2?
-1110
What is -1 (base 16) in base 5?
-1
What is -1 (base 9) in base 4?
-1
What is -93 (base 11) in base 10?
-102
Convert 139 (base 11) to base 13.
c7
Convert -6 (base 12) to base 5.
-11
What is 51 (base 15) in base 7?
136
0 (base 14) to base 13
0
4 (base 16) to base 12
4
-205 (base 6) to base 12
-65
Convert 212 (base 4) to base 10.
38
What is -2 (base 9) in base 5?
-2
Convert -1 (base 6) to base 3.
-1
What is -184 (base 10) in base 4?
-2320
What is 106 (base 9) in base 7?
153
What is 23 (base 8) in base 4?
103
What is -1110 (base 2) in base 6?
-22
What is -11 (base 4) in base 15?
-5
3 (base 15) to base 10
3
What is 16 (base 7) in base 10?
13
What is -10 (base 3) in base 5?
-3
Convert -3 (base 12) to base 15.
-3
-70 (base 11) to base 13
-5c
-39 (base 10) to base 7
-54
What is -13 (base 14) in base 8?
-21
What is 2 (base 14) in base 8?
2
What is 510 (base 7) in base 3?
100100
Convert -5 (base 15) to base 9.
-5
-81 (base 10) to base 11
-74
Convert -75 (base 9) to base 3.
-2112
Convert 20 (base 8) to base 4.
100
Convert 47 (base 12) to base 13.
43
Convert -86 (base 9) to base 4.
-1032
122 (base 3) to base 10
17
1 (base 12) to base 6
1
4 (base 8) to base 7
4
What is -a (base 16) in base 4?
-22
Convert -11 (base 2) to base 16.
-3
What is 9 (base 16) in base 9?
10
Convert 2023 (base 4) to base 16.
8b
59 (base 12) to base 8
105
Convert 436 (base 9) to base 8.
545
0 (base 10) to base 8
0
-2 (base 14) to base 2
-10
Convert 1 (base 12) to base 15.
1
110 (base 6) to base 2
101010
Convert -10 (base 10) to base 16.
-a
What is -148 (base 11) in base 16?
-ad
What is -7b (base 14) in base 12?
-91
What is -1111 (base 3) in base 12?
-34
Convert 2 (base 3) to base 12.
2
7 (base 14) to base 9
7
11 (base 8) to base 4
21
62 (base 10) to base 3
2022
Convert 4 (base 10) to base 13.
4
What is 9 (base 14) in base 16?
9
Convert 11 (base 4) to base 2.
101
What is -23 (base 12) in base 2?
-11011
0 (base 6) to base 3
0
11 (base 14) to base 15
10
What is -3 (base 10) in base 9?
-3
Convert 230 (base 7) to base 12.
9b
What is -1222 (base 4) in base 8?
-152
Convert -42 (base 5) to base 8.
-26
What is -12 (base 13) in base 15?
-10
What is 2 (base 14) in base 13?
2
15 (base 6) to base 12
b
Convert 131 (base 4) to base 10.
29
Convert -1001011 (base 2) to base 16.
-4b
What is -10 (base 5) in base 11?
-5
3 (base 7) to base 13
3
Convert 100 (base 2) to base 10.
4
2 (base 14) to base 3
2
What is -3 (base 5) in base 7?
-3
Convert -3 (base 10) to base 2.
-11
Convert 12 (base 4) to base 12.
6
-1101001 (base 2) to base 13
-81
What is -1 (base 2) in base 7?
-1
What is 0 (base 